(17 + -46) a composite number?
False
Suppose 4*m - 6011 = 5*f - 27661, -f + 4330 = m. Suppose -4334*l = -f*l - 6628. Is l a composite number?
False
Let s = 181 - 176. Suppose -15*x + 18*x = s*y - 33802, 6763 = y + 2*x. Is y prime?
True
Let g = -563201 - -1200952. Is g a prime number?
True
Let o be 22903 - 4*(2 + -3). Suppose r - o = -3094. Is r a prime number?
True
Let u = 3405 + 2309. Suppose -5*n - g + 7141 = g, u = 4*n + 2*g. Suppose -a = 168 - n. Is a composite?
False
Suppose 5*j = q - 277925, 3*q + 106915 - 940730 = 5*j. Is q a composite number?
True
Is ((-13620068)/42 + 0)*12/(-8) a composite number?
True
Suppose -3*b + 3 = -12*f + 11*f, -4*b = 5*f - 23. Suppose 0 = -f*z - 26*z + 258535. Is z prime?
False
Suppose -12*g + 937642 = -7384202. Is g a prime number?
True
Let z be -4364*7/(-14)*(-6)/(-4). Let v = -1636 + z. Is v composite?
False
Let r(h) be the first derivative of -4 + 4*h**2 - 5 - h - 3. Is r(11) a composite number?
True
Let d be (3 - 7) + (-1 + -35)/(-2). Let t(c) = -3*c**2 + 60*c + 13. Is t(d) composite?
True
Let z be (-15)/5*(-1108)/3. Is z/12*(-2 - -5) a composite number?
False
Let q(c) = 2*c**3 - 96*c**2 - 23*c + 308. Is q(53) prime?
True
Let y = 6602979 + -4231108. Is y a prime number?
True
Suppose 2*l + 179 = -3*l - p, -4*p = 2*l + 86. Let f = 16 - l. Suppose 5*q + 5*h = 435, q - f - 20 = 3*h. Is q a prime number?
True
Let p(f) = -4*f**3 + 4*f**2 - 70*f - 1189. Is p(-30) prime?
False
Suppose l - 4*x = 15, -5*l + 31 = x - 2. Is 2/l + (-303737)/(-49) + -2 a prime number?
True
Let v = 604 + -565. Suppose 45*h - v*h - 87018 = 0. Is h a prime number?
True
Let t(x) = -147*x - 52. Let v(f) = 49*f + 17. Let b(c) = -4*t(c) - 11*v(c). Let z be b(4). Suppose 82 = u - z. Is u a prime number?
False
Let c = 72210 - 34313. Is c composite?
False
Let t = -9544 + 21575. Let b = t + -6120. Is b a composite number?
True
Let w(u) = -3857*u - 7843. Is w(-60) composite?
False
Let c(k) = -45*k + 6. Let f be c(-9). Suppose -2253 = -s - f. Suppose 2*i + s = 8*i. Is i prime?
True
Let i = -329 + 13588. Is i a composite number?
False
Suppose -4*r + 2*o + 673642 = 0, -34*r + 32*r = -2*o - 336824. Is r a composite number?
False
Let k be 72/48*3*2. Let f be k/(-3)*-1*(-6)/9. Is (77/(-2))/(2*f/8) prime?
False
Let j = 25 - 41. Let y(f) = -398*f + 380*f + 14 + 3. Is y(j) composite?
True
Suppose -2*c + 3*y = 19907, 4*c - 4*y + 39057 = -751. Let l = -5866 - c. Suppose 4*f = 7*f - l. Is f a composite number?
False
Is (2/(-8))/(162/(-94739544)) a prime number?
True
Suppose 752*z - 2*b = 751*z + 41729, 5*z - b - 208600 = 0. Is z a composite number?
False
Let g(h) be the second derivative of 0 + 17*h + 7/12*h**4 - 4/3*h**3 - 13/2*h**2. Is g(6) prime?
True
Let u be 2 + (900/4 - -2). Suppose -250 = -3*r - 4*k, -4*r - 4*k = k - 334. Let b = u - r. Is b prime?
False
Suppose -11*w = 1 - 12. Is (-1 + (w - 1))/(35/(-225715)) prime?
True
Is ((-1)/3 - 7873340/30)/(-1) prime?
False
Let v(i) = 41*i**2 + 2*i + 5. Let x be v(-5). Suppose -3*u - 3*n + 2*n + 17 = 0, -5 = -n. Suppose 438 = 3*d - 5*l - 331, -u*d = -4*l - x. Is d a prime number?
False
Let x = 10 + 36. Let r = 132 - x. Suppose -41 = -n + r. Is n composite?
False
Let w = -2311 + 32258. Is w a composite number?
False
Let n be 1/4 - 1/4. Suppose -2*b - 3*i - 21 = b, n = -3*b - i - 23. Is 36/9*(-1774)/b a composite number?
False
Let h = 6171 - -12466. Is h prime?
True
Let o = 467 - 465. Suppose 5*g - o*u = 17983, 0 = u - 4*u - 12. Is g a composite number?
True
Let o(r) = -r**3 + 15*r**2 - 23*r + 1. Let t be o(2). Suppose t*g = 10908 + 4205. Is g prime?
False
Let d = 40 - 2. Suppose 5*w - d + 13 = 0. Suppose -4*g + 4*h + 596 = 0, 0*g + g + w*h = 125. Is g a composite number?
True
Let h be (-58 - -1)*(-80)/24. Suppose 3*x - h = -5*y, x + 3*y + 222 = 4*x. Suppose x*p = 74*p - 5036. Is p a prime number?
True
Let t(r) be the third derivative of -5/24*r**4 + 7*r**2 + 0 + 0*r + 1/20*r**5 + 5/6*r**3. Is t(-10) a prime number?
False
Is ((-5558900)/40*12/5)/(-2) prime?
False
Is (371451/(-7))/((-73)/511) prime?
False
Suppose -2710*f - 25751211 = -2771*f. Is f a prime number?
False
Is (-6)/((-24)/44)*(0 + 14867) composite?
True
Let d(f) = -f**3 + 6*f**2 + 17*f - 5. Let i be d(8). Let l(a) = 800*a + 29. Is l(i) composite?
True
Let k be ((-908)/(-6))/(((-20)/15)/(-2)). Let g be ((-424)/64*4)/((-2)/156). Suppose 224*u + g = k*u. Is u prime?
False
Suppose -41*v + 257368 - 110556 + 108987 = 0. Is v a composite number?
True
Suppose 2*p + p + 15 = 3*o, 3*o + 3*p = 9. Let g be (3 - 2/1)*o + 1. Suppose g*z - 3419 = -634. Is z a composite number?
False
Suppose -62*n + 3910197 = 2545634 - 8543099. Is n a prime number?
False
Let i be ((-1039)/(-2))/(2/4). Let c(k) = -7*k + 77. Let j be c(11). Suppose h - i - 98 = j. Is h composite?
True
Let l(r) = -23*r**3 - r**2 - 3*r - 1. Let o be l(-1). Let g(n) = -309*n + 99*n + 13 - 230*n - o*n. Is g(-5) a prime number?
True
Suppose 4*k = 4*c - 51820, 0 = 4*c + 262*k - 257*k - 51874. Is c a composite number?
True
Let v be (192/(-336))/(1/(-7)). Suppose -f - 12348 = -4*u - 5*f, 0 = 3*u + v*f - 9257. Is u prime?
False
Suppose -3*f - 4 = j - 6, 3*j - 27 = -2*f. Suppose -1940 = -j*w + 645. Is w prime?
False
Suppose c + 5*k - 12 = 0, 5*c - 2*k - 1 - 5 = 0. Suppose -b = 4*r - 5 + 23, 19 = c*b - 3*r. Is 1263/b + 2/(-4) prime?
True
Is (-793023)/(-84) + (-2 - (-13)/4) a prime number?
False
Let q = -341 - -348. Suppose 24*b + q*b = 248837. Is b a prime number?
False
Let j = 14 + -8. Suppose -j*b + 56 = -2*b. Is 2820/b + 16/28 a prime number?
False
Let q(u) = 5*u - 21. Let h be q(5). Suppose 1195 + 5445 = h*t. Let i = -657 + t. Is i a prime number?
False
Suppose 9*o - 22 + 22 = 0. Suppose o = -q + 475 + 112. Is q prime?
True
Let y(k) be the second derivative of 19*k**4/12 + 7*k**3/6 + 7*k**2 - 21*k. Is y(-5) composite?
True
Let g be (6/4)/(3/(-10)). Let i(t) = -59*t**3 + 3*t**2 + t + 6. Is i(g) a prime number?
True
Suppose -265*a = -64*a - 94846473. Is a a prime number?
False
Let l(v) = 4*v**3 - 22*v**2 + 59*v + 522. Is l(35) prime?
True
Suppose -352396 = 14*g + 19892. Is (-9)/(-27) - (-4 + g/9) a composite number?
True
Suppose 14*l - 54 = 5*l. Let j = 7 - l. Is 1*(j - (-3 + 1)) - -320 a composite number?
True
Suppose -73 = o - 3*p + 7*p, 4*p = 5*o + 293. Let w = -66 - o. Is ((w + 9961)/2)/2 a prime number?
False
Suppose 3*z + 135324 = 4*f - f, 0 = -z - 4. Suppose 15*o = -o + f. Is o a prime number?
True
Let o be (18/15)/(-1*(-6)/(-80)). Let y be (12/o)/((-1)/4). Suppose 4*m - y*v - 5576 = v, -m = v - 1400. Is m a prime number?
False
Let u = -162 - -164. Suppose -4*x + 5*b = -4 + 1, b - 12 = 5*x. Is (x/u)/(7/(-4298)) a prime number?
False
Suppose h - 2*g = 45927, -h - g = -46196 + 266. Is h a composite number?
True
Is 1/(-1)*(0 + -4 - 409983/7) prime?
True
Is (5/15)/(5/75) - -85292 a composite number?
False
Let p(j) be the third derivative of -j**6/120 + j**5/30 - j**4/24 + 6085*j**3/6 - 274*j**2. Suppose -5*h = 2*t + 2*t, 4*h = t. Is p(t) a prime number?
False
Suppose 0*m + 3*a = m + 4, -2*m + 28 = 3*a. Let p = -165 + -129. Is (-11)/(-44) - p/m a composite number?
False
Let t be 676/3 - ((-160)/(-30) + -5). Suppose 3*b - 3*s = 2715, -2*b + 1565 + t = 3*s. Is b a composite number?
True
Suppose -2165 = m - 0*m. Let w = -1016 - m. Is w composite?
True
Suppose -35*n + 99 = -36*n. Is (-1986)/8*660/n prime?
False
Let a = 179472 + -79951. Is a a composite number?
True
Let g = 68880 + -35831. Is g composite?
False
Let r(n) = 3*n + 9. Let s be r(0). Suppose -72 = s*f - 3*f. Is (14 + f)*2722/4 prime?
True
Suppose -53*r = -63*r + 357650. Suppose 515*j + r = 520*j. Is j a prime number?
False
Let b(w) be the second derivative of 51*w**4/4 + 31*w**3/6 - 5*w**2/2 + 4*w + 14. Is b(-6) a prime number?
False
Let r be (12/5)/((-3)/2830). Let s = -686 - r. Suppose 4*d - 3*q = 2*q + s, 0 = -2*q + 4. Is d a composite number?
False
Let z be 6/(-2) - 28977/(-13). Suppose 14*y - z = 8*y. Is y a prime number?
False
Suppose 1486787 + 179981 = 8*m. Is m composite?
True
Let l(g) = 1038*g**2 - 6*g - 305. Is l(-12) composite?
False
Let v(j) = 2138*j**3 + 7*j**2 + 84*j - 367. Is v(8) a prime number?
False
Suppose 2*q = 2*i + 2614, -3*i = -q + i + 1319. Suppose -9*u - 14*u - 3958 - 3540 = 0. Let b = u + q. Is b a composite number?
False
S